{"id":627,"date":"2020-01-31T12:50:06","date_gmt":"2020-01-31T11:50:06","guid":{"rendered":"http:\/\/grundschule-lauenhagen.de\/?page_id=627"},"modified":"2026-04-03T20:47:05","modified_gmt":"2026-04-03T18:47:05","slug":"home","status":"publish","type":"page","link":"https:\/\/grundschule-lauenhagen.de\/","title":{"rendered":"Home"},"content":{"rendered":"\n<div class=\"wp-block-columns is-layout-flex wp-container-core-columns-is-layout-2 wp-block-columns-is-layout-flex\">\n<div class=\"wp-block-column is-layout-flow wp-block-column-is-layout-flow\">\n<div class=\"wp-block-columns is-layout-flex wp-container-core-columns-is-layout-1 wp-block-columns-is-layout-flex\">\n<div class=\"wp-block-column is-layout-flow wp-block-column-is-layout-flow\">\n<figure class=\"wp-block-image size-full is-resized\"><img loading=\"lazy\" decoding=\"async\" width=\"170\" height=\"202\" src=\"https:\/\/grundschule-lauenhagen.de\/wp-content\/uploads\/2025\/03\/platt-is-cool-1.jpg\" alt=\"\" class=\"wp-image-4486\" style=\"width:207px;height:auto\"\/><\/figure>\n<\/div>\n<\/div>\n\n\n<div class=\"wp-block-image\">\n<figure class=\"aligncenter size-full is-resized\"><img loading=\"lazy\" decoding=\"async\" width=\"600\" height=\"800\" src=\"https:\/\/grundschule-lauenhagen.de\/wp-content\/uploads\/2026\/03\/U1-3-rotated.jpg\" alt=\"\" class=\"wp-image-5308\" style=\"width:409px;height:auto\" srcset=\"https:\/\/grundschule-lauenhagen.de\/wp-content\/uploads\/2026\/03\/U1-3-rotated.jpg 600w, https:\/\/grundschule-lauenhagen.de\/wp-content\/uploads\/2026\/03\/U1-3-225x300.jpg 225w\" sizes=\"(max-width: 600px) 100vw, 600px\" \/><figcaption class=\"wp-element-caption\"><em><mark style=\"background-color:#ffffff\" class=\"has-inline-color has-luminous-vivid-amber-color\"><strong>Wir w\u00fcnschen allen eine sch\u00f6ne Fr\u00fchlingszeit!<\/strong><\/mark><\/em><\/figcaption><\/figure><\/div><\/div>\n<\/div>\n\n\n\n<figure class=\"wp-block-image size-full is-resized\"><img loading=\"lazy\" decoding=\"async\" width=\"600\" height=\"800\" src=\"https:\/\/grundschule-lauenhagen.de\/wp-content\/uploads\/2026\/03\/U1-2-rotated.jpg\" alt=\"\" class=\"wp-image-5263\" style=\"width:296px;height:auto\" srcset=\"https:\/\/grundschule-lauenhagen.de\/wp-content\/uploads\/2026\/03\/U1-2-rotated.jpg 600w, https:\/\/grundschule-lauenhagen.de\/wp-content\/uploads\/2026\/03\/U1-2-225x300.jpg 225w\" sizes=\"(max-width: 600px) 100vw, 600px\" \/><figcaption class=\"wp-element-caption\">Unsere Bienen-AG in Aktion                                                                                                                              <br><br>(Fr\u00fchling 2026)<\/figcaption><\/figure>\n\n\n\n<p class=\"has-text-align-left\"><\/p>\n\n\n\n<div class=\"wp-block-columns is-layout-flex wp-container-core-columns-is-layout-3 wp-block-columns-is-layout-flex\">\n<div class=\"wp-block-column is-layout-flow wp-block-column-is-layout-flow\">\n<figure class=\"wp-block-image size-full is-resized\"><img loading=\"lazy\" decoding=\"async\" width=\"600\" height=\"800\" src=\"https:\/\/grundschule-lauenhagen.de\/wp-content\/uploads\/2026\/03\/BB2-rotated.jpg\" alt=\"\" class=\"wp-image-5296\" style=\"width:287px;height:auto\" srcset=\"https:\/\/grundschule-lauenhagen.de\/wp-content\/uploads\/2026\/03\/BB2-rotated.jpg 600w, https:\/\/grundschule-lauenhagen.de\/wp-content\/uploads\/2026\/03\/BB2-225x300.jpg 225w\" sizes=\"(max-width: 600px) 100vw, 600px\" \/><\/figure>\n<\/div>\n\n\n\n<div class=\"wp-block-column is-layout-flow wp-block-column-is-layout-flow\">\n<figure class=\"wp-block-image size-full is-resized\"><img loading=\"lazy\" decoding=\"async\" width=\"600\" height=\"800\" src=\"https:\/\/grundschule-lauenhagen.de\/wp-content\/uploads\/2026\/03\/BB1-rotated.jpg\" alt=\"\" class=\"wp-image-5297\" style=\"width:291px;height:auto\" srcset=\"https:\/\/grundschule-lauenhagen.de\/wp-content\/uploads\/2026\/03\/BB1-rotated.jpg 600w, https:\/\/grundschule-lauenhagen.de\/wp-content\/uploads\/2026\/03\/BB1-225x300.jpg 225w\" sizes=\"(max-width: 600px) 100vw, 600px\" \/><\/figure>\n<\/div>\n<\/div>\n","protected":false},"excerpt":{"rendered":"","protected":false},"author":1,"featured_media":0,"parent":0,"menu_order":0,"comment_status":"closed","ping_status":"closed","template":"","meta":{"ngg_post_thumbnail":0,"footnotes":""},"_links":{"self":[{"href":"https:\/\/grundschule-lauenhagen.de\/index.php?rest_route=\/wp\/v2\/pages\/627"}],"collection":[{"href":"https:\/\/grundschule-lauenhagen.de\/index.php?rest_route=\/wp\/v2\/pages"}],"about":[{"href":"https:\/\/grundschule-lauenhagen.de\/index.php?rest_route=\/wp\/v2\/types\/page"}],"author":[{"embeddable":true,"href":"https:\/\/grundschule-lauenhagen.de\/index.php?rest_route=\/wp\/v2\/users\/1"}],"replies":[{"embeddable":true,"href":"https:\/\/grundschule-lauenhagen.de\/index.php?rest_route=%2Fwp%2Fv2%2Fcomments&post=627"}],"version-history":[{"count":159,"href":"https:\/\/grundschule-lauenhagen.de\/index.php?rest_route=\/wp\/v2\/pages\/627\/revisions"}],"predecessor-version":[{"id":5327,"href":"https:\/\/grundschule-lauenhagen.de\/index.php?rest_route=\/wp\/v2\/pages\/627\/revisions\/5327"}],"wp:attachment":[{"href":"https:\/\/grundschule-lauenhagen.de\/index.php?rest_route=%2Fwp%2Fv2%2Fmedia&parent=627"}],"curies":[{"name":"wp","href":"https:\/\/api.w.org\/{rel}","templated":true}]}}